 common divisor of 32 and g?
8
Let y(u) = u**3 - u**2 - u + 30. Let t be y(0). Let q = 264 + -267. Let n be (-447)/q - (2 + -3). What is the greatest common divisor of t and n?
30
Let x = 12 - 2. Let p(k) be the second derivative of -k**4/12 - 7*k**3/2 - 7*k**2 - 17*k. Let r be p(-13). What is the highest common divisor of r and x?
10
Suppose -94 = -2*l - 3*l + 4*r, 3*r = -2*l + 56. What is the highest common divisor of l and 4169?
11
Suppose -4*v + x + 924 = 0, 0*x + 2*x = 0. Let i be (168/(-98))/((-1)/v). Suppose k - i = -8*k. Calculate the highest common divisor of 4 and k.
4
Let f(i) = -5*i**2 + 50*i + 6. Let g be f(9). What is the highest common divisor of 27 and g?
3
Let v be 50/475 + (-112)/(-19). Let x be (v/9)/(5/1080). What is the greatest common divisor of 360 and x?
72
Suppose 27*l - 76 = -11*l. Suppose 1 = g - h - 4, 2*h - 2 = -l*g. Calculate the highest common divisor of g and 5.
1
Suppose -q - 4*x = -6*q - 269, -5*q + 2*x - 277 = 0. Let n = q + 65. Let l be ((-28)/n)/(3/(-6)). What is the greatest common factor of 63 and l?
7
Let s(r) = r**3 + 10*r**2 - 5*r - 18. Let y be (4/(-10))/(4/(-120)). Let i be 3/y - 99/12. Let j be s(i). Calculate the highest common factor of 30 and j.
30
Let n be ((-1564)/(-12))/(4/(20 - 8)). Let r be 6/9 - (-196)/12. What is the highest common divisor of n and r?
17
Suppose 2 = -12*b + 7*b - 4*s, -5*b = -5*s + 20. Let c(n) = 175*n**2 + 4*n + 12. Let q be c(b). What is the greatest common factor of q and 44?
44
Let f(n) = -19*n - 133. Let c be f(-7). Suppose 226 = -5*u - 3*m + 721, c = u - 3*m - 81. Calculate the greatest common divisor of 3 and u.
3
Let g(y) = y**2 + 3*y - 46. Let z = 218 + -232. Let a be g(z). Calculate the highest common factor of 72 and a.
36
Let g be (-10)/(-4)*(-28)/(-35). Let a be g/(2*4/16). Suppose 2*z - a*w - 18 = 0, 0 = -2*z + 4*z - 2*w - 18. What is the greatest common divisor of z and 72?
9
Suppose -2*y + 2161 = 3*d, -2*d + 109 = 99. What is the greatest common divisor of 522 and y?
29
Suppose 3 = -2*x + 11. Let b(w) = -26*w**2 - 341*w - 29. Let q be b(-13). What is the highest common divisor of x and q?
2
Suppose -282112 = -109*d - 43*d. Calculate the greatest common factor of 29 and d.
29
Suppose -5*k + 1298 = -3*k - 2*o, 5*o + 1313 = 2*k. Let w = k + -384. Suppose 4*t - 14*t = -w. What is the greatest common factor of t and 52?
26
Let f(b) be the first derivative of -b**4/4 - 2*b**3 - b**2 + 2*b - 3. Let o be f(-6). Let i be (-24)/18*(-21)/1. What is the greatest common factor of i and o?
14
Let j = 25663 + -25415. Calculate the highest common factor of j and 403.
31
Suppose g = 2*l - 133, -g = 3*l - 212 + 5. Let x be (-712)/(-6) - (-3)/9. Calculate the highest common divisor of x and l.
17
Suppose -16*v + 334 = -1409 - 1137. Calculate the highest common factor of 495 and v.
45
Suppose 3*y - 2727 = -6*v, y + v = 667 + 246. Calculate the highest common divisor of y and 119.
7
Let r be (-3)/(-6) + 841406/356. Calculate the highest common factor of 24 and r.
12
Let l be 54 + (-24735)/459 + (-34)/(-4)*(-6)/(-27). Let s = 4 + 12. What is the highest common divisor of s and l?
2
Suppose 83 = 60*q - 57*q + 5*s, 17 = q - s. Calculate the highest common factor of 93 and q.
3
Let g = -176 + 126. Let j = g + 89. Suppose -x = -5*d - 0*x + 388, x + 310 = 4*d. Calculate the greatest common divisor of j and d.
39
Let i = 8 - 14. Let p(q) = -6*q - 14. Let v be p(i). Suppose 0 = t + j - 7, 2*j = -3*t - 0*j + v. Calculate the highest common divisor of 64 and t.
8
Let m = -379 + 544. Let q = 163 - 253. Let v = q - -123. Calculate the greatest common divisor of m and v.
33
Let t = 86 - 38. Suppose 3*s = -y + 113, 4*y + 0*y - 164 = -4*s. What is the highest common factor of s and t?
12
Let y be -1 + 5 - (-1638)/26. Let z = -11 + y. Calculate the greatest common divisor of 7 and z.
7
Let o be (9/(-4))/(26/32 - 1). Let z = -8 - -13. Let j(t) = -t**3 + 3*t**2 + 13*t - 11. Let g be j(z). Calculate the greatest common divisor of o and g.
4
Suppose 0 = 5*h + 4*d - 218, 2*d - 138 = 4*h - 328. What is the greatest common divisor of h and 115?
23
Let z be (11720/(-12))/(-10)*(-1 - -13). Suppose v = 5*s - z, -s + 2*v + 240 = -v. Calculate the highest common divisor of s and 52.
26
Let c = 26 - 2. Suppose -30 = g + 2*s + 5, 4*s = g + 11. Let n(i) = -13*i - 135. Let o be n(g). Calculate the greatest common factor of c and o.
24
Let n be 16 + 4411 + 2/(-2) - (-14 + 18). Calculate the highest common factor of 66 and n.
66
Let s = 128 - -46. Suppose -17*n + 258 = 156. What is the highest common factor of s and n?
6
Suppose 0 = -17*f + 22*f - 375. Let p(t) = 0*t - 2*t + t**3 + 3*t - 5*t - 39 + 16*t**2. Let m be p(-16). What is the greatest common factor of m and f?
25
Let i(o) = -o**3 - o**2 - 1. Let k(b) = 4*b**3 - 3*b**2 - 2*b - 3. Let q(f) = 6*i(f) - k(f). Let z be q(-3). What is the greatest common factor of z and 18?
18
Let u = 14303 - 11736. Calculate the highest common factor of 34 and u.
17
Let q be (51 + -56)/((-2)/88). What is the greatest common factor of q and 560?
20
Suppose -117*j + 98*j = -304. What is the highest common divisor of j and 11648?
16
Suppose 0 = 7*h - 3*h. Suppose 3*l = l + 4, h = -5*u + 4*l - 13. Let a be (u - -4) + 128/4. What is the greatest common divisor of a and 5?
5
Let r(x) = -3*x**2 + 83*x - 509. Let s be r(10). Let g be 314 + -1 + -1 + 3. What is the greatest common divisor of g and s?
21
Let k(j) = j**3 + 11*j**2 + 23*j + 75. Let u be k(-9). Calculate the highest common factor of 1210 and u.
10
Let g be 2/19 - (-5353845)/665. What is the highest common divisor of g and 97?
97
Suppose 0 = 3*k + 4*o - 73, 4*k - 159 = 4*o - 15. What is the greatest common divisor of k and 3937?
31
Let b be (3276/(-234) + 50/4)/((-2)/2780). Calculate the highest common divisor of 6 and b.
3
Let w(p) = 2*p**2 - 30*p + 108. Let o be w(19). Let d = 412 - o. What is the greatest common factor of d and 380?
76
Suppose 0 = -102*i + 98*i - 56. Let h be (-1 + 0)/(26/i - -2). Let a be ((-6)/h)/(20/70). What is the highest common divisor of 15 and a?
3
Let z be 15 - (-2 - (-1 + 1)). Suppose 0 = 4*i + 3*y - 299, -5*y + 251 = 5*i - 124. Let s = i + 79. Calculate the greatest common divisor of z and s.
17
Suppose 205 = 4*y - 355. Suppose 3*x - 9*x = 0. Suppose 2*m + 4*k - 116 = x, -2*m + 3*m = 4*k + 52. What is the highest common factor of m and y?
28
Suppose 6 = 6*a - 3*a. Suppose l = -4, -a*f + l - 392 = -3*l. Let g be f/(-21) + 2/7. Calculate the highest common divisor of 70 and g.
10
Let n(c) = -16*c - 3. Suppose -5*k + 37 = -q - 2*q, 5*k - q = 29. Suppose k = -4*u - 3. Let s be n(u). Calculate the greatest common factor of s and 203.
29
Let m = -1 + 9. Let v = 170 - 156. Let u = v - -26. What is the highest common divisor of m and u?
8
Let c(a) = -155*a + 1. Let k be c(-1). Let j(b) = -4*b**3 - 238*b**2 + 132*b + 928. Let i be j(-60). Calculate the highest common factor of k and i.
52
Suppose -g + 2 = -2*t, -2*g + 43*t - 40*t + 7 = 0. Calculate the highest common divisor of g and 18.
2
Suppose 22552 = 192*l - 15464. What is the highest common divisor of 3454 and l?
22
Let r(i) = -6*i - 120. Let k be r(0). Let s = k + 692. What is the greatest common divisor of s and 44?
44
Suppose 0 = 32*y + 39*y - 1846. Suppose -30*x + 32 = -y*x. What is the highest common factor of x and 20?
4
Let i be 888/2*1/1. Let w(r) = -r**3 + 50*r**2 + 823*r - 178. Let p be w(63). Calculate the highest common factor of i and p.
74
Let q = 46 + -13. Let n = 1522 - 1451. Let k = n - q. What is the highest common factor of 95 and k?
19
Suppose 11*x - 10*x = -p + 1, 2*x = 4*p + 26. Suppose 0 = 5*u - 5*h - 1255 + 400, -u + x*h + 183 = 0. What is the greatest common divisor of u and 63?
21
Let b(v) = -5*v - 8. Suppose 5*x - 22 + 47 = 0. Let o be b(x). What is the greatest common divisor of 85 and o?
17
Let u(o) = o**3 - 26*o**2 + o + 26. Let g be u(26). Let a = g + -159. Let v = -90 - a. What is the greatest common factor of v and 153?
17
Suppose -3*f + 191 = 209, 1514 = 2*s - f. Calculate the greatest common factor of s and 928.
58
Suppose a - 1 - 2 = 0, l = -5*a - 71. Let n = 84 + l. Let c be (3*(-34)/(-3))/((-1)/n). What is the greatest common factor of c and 17?
17
Let i be (3/1)/(2/102). Suppose 18*u + 284742 = 28587